 Calculate the highest common divisor of n and t.
20
Let n be 16 - (-9)/2*(-8)/6. Suppose 26 = 5*a - 124. Calculate the greatest common factor of a and n.
10
Suppose -c = 11*d - 9*d - 75, 0 = -2*c + d + 135. Let y be 46/(-8)*-2*4. Let t = 69 - y. What is the highest common factor of c and t?
23
Suppose 4*i + 0*i = 156. Let o = i + -3. Suppose -y + 59 = 3*a, 0*a = 2*a + 4*y - o. Calculate the highest common divisor of a and 140.
20
Suppose -9*v + 13*v - 84 = -3*q, -2*v = 5*q - 126. What is the highest common divisor of q and 336?
24
Let n(f) = f**3 + 10*f**2 + 4*f + 3. Let h be n(-9). Calculate the highest common factor of h and 16.
16
Suppose -339 + 15 = -4*f. What is the highest common divisor of 243 and f?
81
Let i(s) = 3*s + 121. Let b be i(-31). What is the highest common factor of 16 and b?
4
Suppose 7*y - 8*y = -4, 0 = -4*n - y + 256. Calculate the highest common factor of n and 27.
9
Let a(w) = w**3 - 2 - 4*w**3 - 4*w + 4*w**3 - 3*w**2. Let l be a(3). Let p = 16 + l. Calculate the highest common factor of 4 and p.
2
Let f(u) be the second derivative of -u**4/12 - 5*u**3/3 + u**2 + 14*u. Let w be f(-9). What is the highest common factor of w and 33?
11
Suppose -3662 = -56*f + 50602. What is the highest common factor of f and 57?
57
Suppose -13 - 8 = -3*d. Suppose 2*z = 5*c - 57, -c - 2 = -2*z - d. Suppose 8*x + 40 = c*x. Calculate the greatest common divisor of 72 and x.
8
Let z be 24/(-16)*4 + 46. Suppose -3*b = -2 - 7. Suppose b*o - 5*o + 10 = 0. Calculate the highest common divisor of z and o.
5
Let d = 2 - 12. Let z be ((-12)/d)/(9/30). Let b be -32*(2 - (z - 1)). What is the greatest common divisor of 4 and b?
4
Suppose -3*j - 2*j = -15. Let q(h) = -14*h + 1 + 7*h + 3*h + 3*h. Let f be q(-8). Calculate the highest common factor of j and f.
3
Suppose -170 + 865 = 5*a + 5*x, 268 = 2*a + 4*x. Calculate the greatest common divisor of a and 45.
9
Let o = -738 + 751. Let y be (-862)/(-6) + (-4)/6. What is the highest common factor of y and o?
13
Let o = -31 - -43. Suppose -2*l - o - 512 = 0. Let z = l + 458. What is the greatest common factor of 28 and z?
28
Let a(u) = u**2 - u - 27. Let b be a(6). Calculate the highest common factor of b and 4.
1
Let r(p) = -p - 2. Let u be r(-2). Suppose 3*f - 65 = -62. Suppose b = -u + f. Calculate the highest common factor of 1 and b.
1
Suppose 17 - 12 = -m. Let p be -3 + (-1 - m - 3). Let q be 10/4 - p/(-4). What is the greatest common divisor of q and 18?
2
Let o be 1/(-6) - 309/(-18). Suppose 4*b = -2*d + 42, 5*d - 6*b - 89 = -8*b. What is the highest common factor of d and o?
17
Suppose 34 = -c + 37. Suppose v - x - 5 = 0, c*x - 9 - 6 = 0. Let i(q) = 8*q - 1. Let d be i(2). Calculate the highest common divisor of v and d.
5
Suppose 11 = 3*a + 4*p - 15, -3*a = -5*p + 19. What is the highest common factor of a and 19?
1
Let x = -171 + 181. What is the greatest common divisor of x and 90?
10
Let j(q) = q**3 + 8*q**2 - 9*q - 54. Let f be j(-7). What is the greatest common divisor of 87 and f?
29
Let w be ((-36)/42)/(6/(-63)). Suppose -250 + 74 = -4*c. Let u be (c/8)/(1/18). What is the greatest common divisor of w and u?
9
Let n = -9 + 21. Let i = n + 2. What is the greatest common divisor of i and 98?
14
Suppose -3*z = 3*z. Suppose p - 2*p + 110 = z. Suppose 4*u - p = -u + 4*n, u - 22 = -4*n. Calculate the highest common divisor of u and 11.
11
Suppose -9*v + 10*v + 4*q = 328, -q - 1010 = -3*v. What is the highest common divisor of 192 and v?
48
Let n(s) = 7*s**2 + 2*s. Let l be n(-2). Suppose -2*o = -h + 48, -5*h + h - 4*o + 192 = 0. Calculate the highest common factor of h and l.
24
Let n = -16 + 17. Let g(j) = 27*j**3 + 1. Let y be g(n). Suppose 0*i + y = 4*i - 5*r, -4*i + 3*r = -36. What is the highest common divisor of i and 132?
12
Suppose 0 = 12*j - 288 + 60. Calculate the greatest common divisor of 285 and j.
19
Let v = -668 - -695. What is the highest common factor of v and 51?
3
Suppose v - 25 = -3*a - 11, 0 = -2*v - a + 13. Suppose 4*j = 5*h + 6, -4*h = -v*h + 5*j - 18. Calculate the highest common divisor of h and 20.
2
Suppose -64 = -u + g, 0 = -u - 28*g + 23*g + 70. What is the highest common factor of u and 5?
5
Let g = 95 + 89. Let w be (-7140)/(-300) + (9/(-5) - -1). Calculate the greatest common divisor of g and w.
23
Suppose -19*k + 70 = -9*k. Suppose -3*p - 2*y = -k*y - 110, p = 5*y + 40. Calculate the highest common divisor of 7 and p.
7
Let w(k) be the first derivative of 2*k**3 + k**2/2 - 7*k + 10. Let s be w(3). What is the greatest common divisor of 20 and s?
10
Let j(q) = -q**3 + 8*q**2 - 6*q + 3. Let z(l) = 6*l**2. Let k be z(-1). Let m be j(k). Let i be m*2 - (1 + 2). What is the greatest common factor of 15 and i?
15
Let o(f) = -f**3 - 12*f**2 - 5*f - 15. Suppose -5*r + 19 = -41. Suppose -4*d - 36 = r. Let b be o(d). Calculate the greatest common divisor of 5 and b.
5
Let r(t) = -t**3 + 10*t**2 - 9*t + 5. Let v be r(9). Suppose x - 13 = -v. Calculate the greatest common divisor of x and 12.
4
Let r be -2*((-2)/10 + 90/(-50)). Suppose -q - 4*o + 13 + 5 = 0, r*o = -2*q + 24. What is the highest common factor of q and 6?
6
Suppose -132 = -4*y + 4*v, 14 = 5*y - 4*v - 152. Calculate the greatest common factor of 323 and y.
17
Let i = -123 + 221. Let s(v) = -2*v**2 - 24*v - 8. Let r(l) = -11*l**3 + l - 1. Let y be r(1). Let m be s(y). What is the greatest common divisor of m and i?
14
Let m(s) = s**3 + 8*s**2 + 7*s + 1. Let n be m(-7). Let g = 10 + -8. Suppose 7*l - 40 = g*l. What is the highest common factor of n and l?
1
Suppose -79*b + 1332 = -2855. Calculate the highest common factor of 53 and b.
53
Suppose -2*d = 2*u - 6*u - 280, 4*u = -4*d + 536. Calculate the highest common divisor of d and 34.
34
Suppose 2297 = 81*w - 457. Suppose 0*u - 136 = -u. Calculate the highest common factor of w and u.
34
Let l(q) = -17*q - 39. Let b be l(-6). What is the highest common divisor of b and 21?
21
Let d = -102 - -124. Let a be (d + (-1 - 3))/(-2 - -3). Calculate the greatest common factor of 144 and a.
18
Suppose -5*c + r = -10, -c + 2 = 2*r - r. Suppose 0 = -c*l + 572 - 182. What is the highest common factor of l and 39?
39
Suppose 0 = 778*r - 772*r - 13680. What is the greatest common divisor of r and 60?
60
Suppose -56*p - 21 = -57*p. Suppose -y + 5*y - 128 = -3*m, -5*m = 3*y - 195. Suppose 3*d + m = z, -4 = d + 1. Calculate the greatest common factor of p and z.
21
Suppose 134*j - 127*j = 189. Suppose 11 = f - 2*m, -2*m - 30 = -3*f + m. What is the highest common divisor of f and j?
9
Let y(l) = 2*l**3 - 8*l**2 + 9*l - 1. Let k be y(4). Let x = 3 - -2. Suppose -31 - 4 = -x*o. What is the greatest common factor of k and o?
7
Suppose 0 = -4*u + 4*o + 52, 4*o - 42 = -4*u + 3*o. What is the highest common divisor of u and 44?
11
Suppose -5*j = -b - 28, 3 = -2*b + j - 8. Let a(v) = v**3 + 3*v**2 - v + 4. Let p be a(b). Calculate the highest common divisor of p and 1.
1
Let h be (-4335)/(-3) + 8/(-24)*-12. Calculate the greatest common divisor of h and 126.
63
Let w(i) = 64*i**2 + 100*i - 507. Let c be w(5). What is the highest common divisor of c and 59?
59
Let d = -213 - -298. Let g(j) = -j**3 - j**2 + 5*j + 1. Let m be g(4). Let i = m + d. Calculate the greatest common divisor of 39 and i.
13
Let m be (-290)/(-10) + 14 - 3. Suppose d - 360 = -2*d. Calculate the highest common divisor of m and d.
40
Suppose -2*o + 103 = 3*c, 10 = -4*o + 6. Suppose 0 = 33*t - c*t + 2. Suppose 0 = -u + 5. What is the greatest common divisor of u and t?
1
Let h = -236 + 256. Calculate the highest common divisor of h and 70.
10
Suppose -2*r - 7 = -2*l - 23, r - 24 = 5*l. Suppose -145 = 2*m - 4*n - 719, r*m + 5*n - 1148 = 0. What is the highest common factor of 41 and m?
41
Suppose -45*k = 84*k - 516. What is the greatest common divisor of k and 68?
4
Suppose -u - 14 + 275 = 0. What is the greatest common divisor of 58 and u?
29
Let b be (20/3)/(-5)*(-36)/8. What is the highest common factor of 78 and b?
6
Let p be (-1362)/(-9) + (-8)/6. Suppose -s + 5*w + 38 + 27 = 0, 185 = 4*s + 5*w. Calculate the highest common factor of s and p.
50
Suppose 4*h + 2*o - 57 = 79, 2*h = -3*o + 68. Let s(y) = 16*y + 1. Let q be s(1). What is the greatest common divisor of q and h?
17
Suppose -4*j = 0, 4*j - 426 - 762